)?
6
Let n(s) = -8*s**2 - 2*s - 1. Suppose 0 = -2*k - 0 + 4. Suppose -16 = -4*a - 3*i, -5*a - 2*i = 2*i - 20. Suppose 6 = -a*h + k. Calculate n(h).
-7
Let m(y) = 5*y + 9. Let f(k) = -4*k - 8. Let u(d) = 4*f(d) + 3*m(d). Let c be u(-5). Let z(v) = c*v - v + 3*v - 3*v + 1. What is z(2)?
-1
Let l = -119 - -117. Let v(x) = x**2 - x. Let c(y) = 8*y**2 + 0 - 2*y - 2 + 4. Let p(b) = c(b) - 4*v(b). Give p(l).
14
Let t(s) = -2*s - 4. Let q(m) = -m - 1. Let a(y) = -3*q(y) + t(y). Suppose 0 = k - 7 + 2. Suppose 0 = -l + 5*b + 20, -3*l - l = -5*b - k. Calculate a(l).
-6
Suppose 0*b - 16 = -4*i - 2*b, i - b - 4 = 0. Suppose -q + 2 = i. Let x(t) = -8*t - 2. Give x(q).
14
Let m(n) be the second derivative of -n**4/6 - n**3/3 + 3*n**2/2 - 834*n. Determine m(-4).
-21
Let m(v) = -v**3 - 6*v**2 + 9*v + 10. Let l(z) = -2*z - 31. Let a be (-18)/8*(2 + (-10)/(-3)). Let t be l(a). Calculate m(t).
-4
Let w(g) = g**3 + 3*g**2 - 6*g - 13. Suppose 17 = -3*k + q, 5*k + q = 3*k - 3. Let o be w(k). Let y(j) = j**3 + 6*j**2 + 7*j + 7. Give y(o).
-3
Let h(y) = -y - 4. Let r be h(-6). Suppose 2*x + 2 = -t, r*t - 6 = 6*x - 5*x. Let u(i) = i - 1. Give u(x).
-3
Let v(b) = b**2 - b + 2. Suppose 4*f = -2*i, -17*f = -20*f + 3. Determine v(i).
8
Let x(v) = v**2 + 3*v - 18. Suppose 0 = -s - 0*s. What is x(s)?
-18
Let l(h) = 2*h**3 - 42*h**2 - 44*h + 11. Let r be l(22). Let v(t) be the second derivative of -t**5/20 + t**4 - 2*t**3 + 13*t**2/2 + t. What is v(r)?
2
Let w(z) = -z**3 + 15*z**2 - 27*z + 15. Let t be (6/(48/(-52)))/((-1)/2). Give w(t).
2
Let z(d) be the second derivative of -d**3/6 - 2*d**2 + 2*d. Suppose -12*y = -2*y - 80. Let p = -8 + y. Determine z(p).
-4
Let s(w) = w**2 - 6*w + 8. Let l be (3/(6/5))/((-4)/(-8)). What is s(l)?
3
Let z(p) = -8*p + 7. Let l(w) = 2*w**3 - 23*w**2 - 14*w + 24. Let g be l(12). Calculate z(g).
7
Let c(s) be the first derivative of -3*s + 2*s**3 - 1/4*s**4 - 14 - 5/2*s**2. Give c(4).
9
Let m(o) = 4*o + 1. Let b = -141 - -143. Determine m(b).
9
Let i(w) be the third derivative of -5/6*w**3 + 0*w + 0 + 1/24*w**4 - 11*w**2. Calculate i(3).
-2
Let y(z) = -2*z + 9. Suppose 4*q = -5*v + q - 3, q + 1 = 0. Suppose -u = -v*u - 6. Calculate y(u).
-3
Let x(l) = -4*l**2 + 0*l - 2*l - 2 + 5*l**2 + 0. Let i be x(-2). Let y(m) = 4*m. Let r(a) = 2*a + 2. Let u(j) = 3*r(j) - 2*y(j). Calculate u(i).
-6
Let h(f) be the first derivative of -f**5/10 + 17*f**2/2 + 16. Let i(s) be the second derivative of h(s). Determine i(1).
-6
Let u(t) = -5*t**3 - t**2. Suppose z = 4*n + 7, -3*z + 6 = 6*n - 3*n. What is u(n)?
4
Suppose -l - 3 = j, 0 = 3*j + 5*l - 61 + 80. Let h(p) be the second derivative of 0 + 5/2*p**j - p - 1/3*p**3. Give h(-4).
13
Let l(p) be the third derivative of -1/2*p**3 - 10*p**2 + 0*p + 0 + 1/12*p**4. Let y be 4/20 + 26/(-5). What is l(y)?
-13
Suppose 5*k + 63 + 137 = 5*d, -2*d = -5*k - 185. Let y = -31 - k. Let q(l) = -l + 3. Determine q(y).
-1
Let c(t) be the first derivative of t**4/4 - 14*t**3/3 + 13*t**2/2 - 4*t - 423. Calculate c(13).
-4
Let u(k) = 2*k + 1. Suppose -25 - 23 = -8*h. Suppose h = -2*n + 10. Determine u(n).
5
Let y be (-736)/(-23) - (0 - 3). Let q(f) = -54*f**2 + 1 + y*f**2 + 24*f**2. Calculate q(1).
6
Let p(o) be the third derivative of -o**6/30 - o**5/30 - o**4/12 + 3*o**2 + 52. Give p(-1).
4
Let c(g) = -1 - 2*g**2 + 0 + 265*g**3 + 2 - 230*g**3. Determine c(1).
34
Suppose 3*z + 4*v + 21 = -0*z, 4*z + 28 = -5*v. Let b(f) be the second derivative of 2*f**2 - 1/12*f**4 - f**3 + 0 - 5*f. Determine b(z).
-3
Let u(x) be the third derivative of -x**4/24 - 7*x**2. Suppose 0 = 3*q + 13 - 31. Let m be (-34)/6 + (-2)/q. Determine u(m).
6
Let k(d) be the third derivative of -d**4/6 - d**3/6 - 40*d**2. What is k(-1)?
3
Let u = -38 - -42. Let i(f) = 111 - u*f - 111. Calculate i(1).
-4
Let r(o) be the second derivative of -o**3/6 + 5*o**2/2 - 17*o. Let i(u) = -u + 1. Let x(b) = 4*i(b) - r(b). Determine x(1).
-4
Let b(f) = -3*f - 4*f + f. Let w = -4 - 28. Let m = w + 33. What is b(m)?
-6
Let h be 6/(-9) + 141/9. Let v = -11 + h. Let b(i) = -4*i**2 + 2 - 2*i + v*i - 3. Give b(1).
-3
Suppose 5*v - 7 = 8. Let i(m) = -m - 5*m**3 + 11*m**v - 2*m**3. Determine i(1).
3
Let u be 18/4 + 30/(-20). Let p(z) = -z**3 - 3*z**2 + z + 4. Let x(h) = -h**3 - 2*h**2 + h + 3. Let q(v) = u*p(v) - 4*x(v). Determine q(-1).
-1
Let o(x) = x**3 - 8*x**2 - 3*x - 9. Let z = 2000 - 1991. Calculate o(z).
45
Let z = 11 + -8. Let v(w) = -5*w + 45. Let x be v(8). Suppose -2*h = -i - x, -z*h = -4*i + 4 - 29. Let f(d) = d**3 + 7*d**2 + d + 8. Give f(i).
1
Let g(w) = w**2 - 1. Suppose i = -5*s - 16, 0*i + 3*i = -s - 6. Let p(k) = 8*k - 4. Let t(h) = i*g(h) + p(h). Calculate t(7).
4
Let k(h) = -h**3 + 5*h**2 - 4*h + 3. Suppose 4*w - 1 = -3*t - 2*t, 4*t = 5*w - 32. Let u be k(w). Let l(f) = f**2 + f + 1 + 0 + u*f - 3*f. Determine l(-2).
3
Suppose -80 = 13*d - 23*d. Let k(i) = i**3 - 8*i**2 + i + 7. What is k(d)?
15
Suppose -3*x + 7*x + 16 = -4*l, 0 = -3*l - 5*x - 14. Let v(o) be the second derivative of -o**5/20 - 5*o**4/12 - o**3/6 + o**2 - 214*o. Give v(l).
-13
Suppose 4*p - 3 = p. Suppose -p = o + o - 3*r, 4*o + 5*r = 9. Let s(v) = -21 - 8*v + 4 + 17. Calculate s(o).
-8
Let q(v) = 4*v**2 - v. Let m(r) = -7*r**2 + 3*r. Let u(l) = m(l) + 3*q(l). What is u(2)?
20
Let k(a) = -a**3 + 9*a + 2 - 9 + 5*a**2 - 1. Let o be ((-4)/8)/(3/(-6)). Let z be o*(-1 + 4 - -3). What is k(z)?
10
Let i(x) = x**3 - 3*x**2 + 3*x - 4. Let k be 6/33 + (-145)/11. Let v = 20 + k. Suppose -5 = -4*l + v. Determine i(l).
5
Suppose -2*b + 0*b = 0. Let j(s) = s + 1. Suppose -3*m + 2 = -5*m. Let x(o) = 4*o - 10. Let d(r) = m*x(r) + 3*j(r). Give d(b).
13
Let k(m) = -m - 5. Let n be k(-6). Let t(w) = -6*w**3 + 5*w**2. Let q = -28 + 31. Let s(a) = -3*a**3 + 2*a**2. Let u(l) = q*t(l) - 7*s(l). Calculate u(n).
4
Let p(y) = y**2 - 10*y + 1. Let g be (-1)/9 - (-82)/9. Determine p(g).
-8
Let a(v) = -2*v - 2. Suppose -4*u - 4*j - 44 = 0, 4*u - 5*j - 1 = -0. Let o(w) = 3*w + 20. Let f be o(u). Calculate a(f).
-6
Let h(t) = -2*t**3 + 17*t**2 + 4*t + 2. Let u(m) = -3*m**3 + 25*m**2 + 7*m + 3. Let o(k) = -7*h(k) + 5*u(k). Give o(7).
1
Suppose -4*m + 3 - 3 = 0. Let t(d) = 7*d + m*d + 129 - 133. Give t(3).
17
Suppose -7*o + 13 - 6 = 0. Suppose n + o = 4*p - 10, n = p - 2. Let k(c) = c**2 - 4*c + 4. Determine k(p).
1
Let s(c) = -2*c + 22. Suppose 0 = 28*v - 25*v - 36. What is s(v)?
-2
Let c(x) = -x**2 - 3*x - 1. Suppose 0 = 2*m - 6*m - 36. Let s = -29 + 33. Let b be 48/m + s/12. Give c(b).
-11
Let l(f) = -10*f + 1. Let y(p) = 44*p - 619. Let v be y(14). What is l(v)?
31
Let w(h) = 2*h - 31. Let b(k) = -k**2 - 8*k + 101. Let f be b(-14). Give w(f).
3
Suppose 0 = -2*h + 2 - 8. Let i(n) = 2*n**3 + 9*n**2 - 5*n - 6. Let w(g) = -g**3 - 4*g**2 + 2*g + 3. Let j(s) = 2*i(s) + 5*w(s). Calculate j(h).
12
Let x(m) = -6*m + 10. Let f(c) = c. Let u(g) = 5*f(g) + x(g). Let n be u(7). Let d(p) = -4 + 3*p - 5*p**2 + n + p**2. Give d(2).
-11
Let j(f) = 0*f + 2*f - 4 + 11*f - 51*f**2 + 13*f + 49*f**2. What is j(13)?
-4
Let j(k) be the third derivative of -k**6/144 + k**5/120 - 5*k**4/8 - 17*k**2. Let h(u) be the second derivative of j(u). What is h(4)?
-19
Let v(r) be the third derivative of -r**4/12 + 8*r**3/3 - 54*r**2. Give v(7).
2
Let n(f) be the third derivative of f**6/120 + f**5/30 - f**4/8 - 2*f**3/3 + 96*f**2. What is n(-3)?
-4
Let p(l) = -1 + 4 + 3*l - 5. Let c be p(2). Suppose 2*k - c = -10. Let b(z) = z**3 + 3*z**2 + z. What is b(k)?
-3
Let q = 7 - 2. Let w(c) = -q + 4 - 4*c**2 + 5*c**2 - 2*c**2 + 6*c. Let h be w(5). Let p(j) = -j**3 + 4*j**2 - 2*j - 2. Determine p(h).
-10
Let m = 8 - 11. Let t(w) = w**3 - 24*w**2 - w + 26. Let h be t(24). Let c(g) = -g + h + 3*g - g**2 - 4*g + g. What is c(m)?
-4
Let n(w) be the third derivative of 2/3*w**3 + 1/12*w**4 + 0*w + 10*w**2 + 0. Let k be 13/5 + (-4)/(-10). Determine n(k).
10
Let n(z) be the third derivative of z**6/360 - z**5/24 + 5*z**4/24 - 4*z**3/3 + 3*z**2. Let v(j) be the first derivative of n(j). Determine v(5).
5
Let x(h) = 0 - 4 - 1 + 2*h. Let p = 108 - 109. Let o be p + 1 + 3/(24/32). What is x(o)?
3
Suppose -5 = -4*o + 3. Let q be 6/(-4)*o/3. Let k(t) be the first derivative of -3*t**2 - t - 86. What is k(q)?
5
Let w(l) = -24*l + 6. Let z(b) = 20*b - 5. Let p(g) = -4*w(g) - 5*z(